)?
13
Let w = 22 + 7. What are the prime factors of w?
29
Let m = 8 + -16. Let p = 14 + m. Let g = p - 3. List the prime factors of g.
3
Let d = -26 - 19. List the prime factors of (d/(-20))/((-3)/(-16)).
2, 3
Let f(d) = -4*d**3 - 2*d**2 - d. Let p be f(-1). Suppose p*o - 30 = -0*o. What are the prime factors of o?
2, 5
Suppose -25 = s - 6*s - 2*r, -s = -3*r + 12. Suppose -4*h = c - 12, -2*c - s*h + 128 = 3*c. What are the prime factors of c?
2, 7
Let c(t) = -t**3 + 18*t**2 + 19*t + 45. List the prime factors of c(19).
3, 5
Let u = 1 - -2. Suppose -2 - 4 = -u*j. What are the prime factors of j?
2
Suppose 0 = -3*q - 0*q, 2*k + q - 612 = 0. What are the prime factors of k/11 + 12/66?
2, 7
Suppose -4*l - 2 = f - 18, 10 = f + 2*l. Suppose 0 = -3*h + 2*r + 41 + 77, -3*h + 124 = f*r. What are the prime factors of h?
2, 5
Let p(t) = t + t + t - 6. Let q be 4 + -3*(-2)/6. What are the prime factors of p(q)?
3
Let a = -13 - -13. What are the prime factors of 28/(1 + a) + -3?
5
Suppose -9*w = -6*w. Suppose 0 = z + 2*z - 4*r - 90, 5*r - 15 = w. What are the prime factors of z?
2, 17
Let m(n) = 4*n**3 + 17*n**2 + 2*n + 8. Let l(x) = 6*x**3 + 26*x**2 + 3*x + 12. Let w(y) = 5*l(y) - 8*m(y). What are the prime factors of w(-4)?
2
Suppose 2*f - 2 - 4 = 0. Suppose -5*y = -f*y. Suppose -28 = -4*z - y*z. List the prime factors of z.
7
Let j be -3 - (2 + (-2 - -3)). Let n(t) = 0 - 2 - 2*t + 0. List the prime factors of n(j).
2, 5
Let t = -137 - -389. List the prime factors of t.
2, 3, 7
Let i = -5 + 143. List the prime factors of i.
2, 3, 23
Suppose 5*a + 12 = a. List the prime factors of a - (-1 - 1)*16.
29
Let u(t) = -12*t + 9. List the prime factors of u(-6).
3
Suppose d - 76 - 15 = 0. List the prime factors of d.
7, 13
Let i = 6 - 13. Let k = i + 12. Suppose -2*m = b - 7 - k, -5*m + 15 = -5*b. List the prime factors of b.
2
Let b(a) = 4*a**3 + a. Let j be b(1). Let m = j - 5. Let k = m + 7. What are the prime factors of k?
7
Suppose 0 = -3*m - 4*t, -6*m - 2*t = -3*m - 6. Suppose -5*h + m*h = -13. List the prime factors of h.
13
Suppose 17*c - 543 = 14*c. List the prime factors of c.
181
Let g(p) = p**3 - 2*p**2 - 4*p + 4. Let k be g(3). Let a = -1 - k. What are the prime factors of 1 - (-2 - (a - -1))?
2
Suppose -59*x = -62*x + 348. What are the prime factors of x?
2, 29
Let b(s) = 3*s - 12. Let y be b(8). Suppose l - 4*l + y = 0. What are the prime factors of 6 + (-3 + 5 - l)?
2
Let a(b) = 3*b**2. Let h be a(-1). Suppose h*g = -g + 52. What are the prime factors of g?
13
List the prime factors of 26/(-52) + 817/2.
2, 3, 17
Suppose 2 + 6 = -2*c. Let t(d) = d**2 - 7*d. Let h be t(6). Let b = c - h. List the prime factors of b.
2
Let u(f) = 2*f**2 - 2*f + 1. Suppose -2*b - 2*b + 13 = 5*d, 13 = 5*b + 3*d. List the prime factors of u(b).
5
Let q(d) = 8*d - 1. Let n be q(2). Suppose a - n = -5*x, 5*a + 4*x - 119 = 19. Suppose 4*z = 5*c + 39, -82 = -5*z + 3*c - a. List the prime factors of z.
11
Suppose -6*q = -2*q + 4*f - 168, -3 = 3*f. What are the prime factors of q?
43
Let k = -130 - -250. Suppose 5*t = t + k. List the prime factors of t.
2, 3, 5
Let p be 70/22 + 2/(-11). Suppose 2*o + 10 = -p*c, 0*c + o = c - 5. Suppose c*v + 10 = v - 3*f, -5*v = 2*f - 67. What are the prime factors of v?
13
Suppose -5*w + 4*f + 487 = 0, -5*f = -3*w - 2*f + 291. What are the prime factors of w?
3, 11
Let v(u) = -4*u - 8. Let b(q) = -4*q - 8. Let m(h) = -3*b(h) + 2*v(h). List the prime factors of m(11).
2, 13
Let w(o) = -o**2 + 10*o - 7. Suppose 5*s - 100 = -5*u, -4*u + 4*s + 70 = 22. Suppose 0 = -5*x + 3*x + u. What are the prime factors of w(x)?
3
Let g(o) = -o**2 - 9*o - 8. Let y be (-130)/14 + (-2)/(-7). Let j be g(y). Let r = -2 - j. What are the prime factors of r?
2, 3
Suppose v - 2*c - 2 = 4, v + c + 6 = 0. What are the prime factors of (v/2)/(2/(-52))?
2, 13
Let h(j) = -j**3 - 6*j**2 + 5*j - 9. Let g be h(-7). Suppose -2*o + 56 = 3*p, 25 = -4*o + g. List the prime factors of p.
2, 11
Let d = -26 + 53. Suppose -y = -4, 9*m = 4*m + 3*y - d. Let c = -1 - m. List the prime factors of c.
2
Let s(k) = -k**3 + 5*k**2 + 5*k - 6. Let y be s(6). Let g = 26 + y. List the prime factors of g.
2, 7
Let n = -1 + 7. Suppose -5*d = -14 - n. List the prime factors of d.
2
What are the prime factors of -48*7/3*(-6)/4?
2, 3, 7
Let t(m) = -m - 3. Let j be t(-7). Suppose -j*i = -i - 39. List the prime factors of i.
13
Let b(s) = -s**2 - 11*s - 3. List the prime factors of b(-10).
7
Let t(s) = 2*s**3 + 3*s + 2. Let l be 3/1*(-2)/3. Let n be t(l). What are the prime factors of 15/(-2)*n/15?
2, 5
Suppose 3*o - 5*o = -54. List the prime factors of o.
3
Let u(w) = -w**3 - 5*w**2 + 10*w - 8. List the prime factors of u(-9).
2, 113
Suppose -2*v + 3 + 3 = 0. What are the prime factors of (-3)/(-2)*40/v?
2, 5
Let b(p) = 71*p**2 + 2*p + 2. List the prime factors of b(-2).
2, 3, 47
Suppose 0 = -5*z + 190 + 210. Suppose 0 = n - 5*n - z. Let a = n + 38. List the prime factors of a.
2, 3
Let c(g) be the third derivative of -g**6/120 + g**5/6 + g**4/2 + 11*g**3/6 - g**2. What are the prime factors of c(11)?
2, 11
Suppose -7*g + 4*g + 108 = 0. List the prime factors of g.
2, 3
Let g = 75 - 15. Suppose -n + 2*d = 35, -2*n - g = 2*d - 4*d. Let c = n + 35. What are the prime factors of c?
2, 5
Let d = 5 + 1. Let r be (8/d)/(6/36). What are the prime factors of 27/(-6)*r/(-3)?
2, 3
Let a = 48 - 27. List the prime factors of (2 + (-6)/a)*7.
2, 3
Let d(p) = p + 6. Let o = -3 + 5. Suppose 30 = 3*l + o*l. List the prime factors of d(l).
2, 3
Suppose -3*g + j = 2*j - 124, 2*g - 2*j = 96. What are the prime factors of g?
43
Suppose -i - 1 + 6 = 0. Suppose 3*q = -0*s + i*s - 127, 108 = 4*s - 4*q. What are the prime factors of s?
23
Let p(u) = -u**3 + 7*u**2 + 8*u - 10. Let h be p(8). List the prime factors of 2/h + 1356/30.
3, 5
Suppose -4*v = -22 + 2. What are the prime factors of (-2)/v + 62/5?
2, 3
Let s(x) = 2*x - 1. Let o(f) = -1. Let m(v) = 5*o(v) - s(v). List the prime factors of m(-5).
2, 3
Let u = 265 - 124. What are the prime factors of u?
3, 47
Suppose -75 = -5*w + y, -3*w - y + 58 = y. Let t be w/(-1) - (7 + -5). List the prime factors of t/(-3) - (0 - -1).
5
Let n(x) = -7*x**2 - 13*x - 2. Let a(t) = -11*t**2 - 20*t - 3. Let v(b) = 5*a(b) - 8*n(b). Let c(p) = 3*p + 3. Let q be c(-3). List the prime factors of v(q).
13
Let a = 10 - 12. List the prime factors of 24 + a/(1 + -3).
5
Suppose -2*n = 6, -n + 3*n + 126 = 2*z. List the prime factors of z.
2, 3, 5
Suppose -y - 2*y + 5*r = -7, 2*r = -y + 6. What are the prime factors of y?
2
Suppose -5*n + 9 = -6. Suppose n*b - 4*h - 65 = -8*h, -4*b + 80 = 4*h. What are the prime factors of b?
3, 5
Suppose 7*j + 3 + 4 = 0. Let l = j + 8. List the prime factors of l.
7
Let x(u) = u**3 + 6*u**2 + 4*u + 7. Let z be x(-5). Let s = z + -9. What are the prime factors of s?
3
Let p(c) = -c**2 - 2*c + 2. Let y be p(-4). Suppose -3*s + 4*s - 8 = 0. Let u = s + y. List the prime factors of u.
2
Let l(b) = -9*b - 21. List the prime factors of l(-14).
3, 5, 7
Let o(v) = v - 1. Let f(w) = 5*w - 3. Let h(r) = 2*f(r) - 6*o(r). Suppose 3*d + 3 = 2*i, -5*i = -2*d - 2*i - 7. What are the prime factors of h(d)?
2
What are the prime factors of ((-10)/20)/((-1)/8)?
2
Suppose z + 306 = 2*f, 0 = 3*f + 2*z - 103 - 356. List the prime factors of f.
3, 17
Suppose m - 223 = -43. List the prime factors of m.
2, 3, 5
Suppose 5*x = 9*x - 264. Suppose 4*l + 2 - x = 0. List the prime factors of l.
2
Let i(a) = 3 + 5 + a + 2. Let c be i(-5). Suppose y - 5 = c. List the prime factors of y.
2, 5
Let z(u) = -4*u**3 - 2*u**2 - 2*u - 1. Suppose -4*p = -0*p + 4. Let k be z(p). Suppose 22 = 3*m - 4*c, -2*m - 4*c = -k*m + 10. List the prime factors of m.
2, 3
Suppose 5*f + 46 = 6. Let h(o) = -2*o - 3*o + 4*o + 3. List the prime factors of h(f).
11
Let d(f) = 3*f**2. Let s be d(2). Let l be (s/16)/((-1)/4). Let q(o) = -o**3 - 4*o**2 - 3*o + 2. List the prime factors of q(l).
2
Let g = 48 - 24. What are the prime factors of g?
2, 3
Suppose 890 = 7*u - 496. List the prime factors of u.
2, 3, 11
Let q be ((-15)/(-6) - 3)*130. Let u = -45 - q. What are the prime factors of u?
2, 5
Suppose 3*g - 7*g + 20 = 0. List the prime factors of g.
5
Let s(i) = i**2 + 10*i + 1. Let c be s(-10). Let q be ((-3)/6)/(c/(-